{"id":643670,"date":"2026-01-07T00:00:00","date_gmt":"2026-01-07T00:00:00","guid":{"rendered":"https:\/\/fransmelk.nl\/wp-content\/uploads\/product\/126312-saint-foix-germain-francois-poullain-de-1698-1776-auteur-du-texte-lettres-d-une-turque-a-paris-ecrites-a-sa-soeur-au-serrail\/"},"modified":"2026-01-07T13:40:34","modified_gmt":"2026-01-07T13:40:34","slug":"126312-saint-foix-germain-francois-poullain-de-1698-1776-auteur-du-texte-lettres-d-une-turque-a-paris-ecrites-a-sa-soeur-au-serrail","status":"publish","type":"product","link":"https:\/\/fransmelk.nl\/?product=126312-saint-foix-germain-francois-poullain-de-1698-1776-auteur-du-texte-lettres-d-une-turque-a-paris-ecrites-a-sa-soeur-au-serrail","title":{"rendered":"[SAINT-FOIX, GERMAIN-FRAN\u00c7OIS POULLAIN DE (1698-1776). AUTEUR DU TEXTE] Lettres d&#8217;une Turque \u00e0 Paris, \u00e9crites \u00e0 sa soeur au serrail"},"content":{"rendered":"<p><span style=\n      'font-family:Segoe UI Semibold;'>Lettres d&#39;une Turque &agrave; Paris, &eacute;crites &agrave; sa soeur au serrail<\/span><\/p>\n<p>      <span style=\n      'font-family:Segoe UI Semibold;'>Pierre Mortier, Amsterdam, 1730. Harcover\/leatherbound. 14,5 x 8,5 cm.  Just normal traces of use and age. 5 pag.; Catalogue chez Pierre Mortier; 332 pages. <\/span> [Antiquarisch, Bijzonder \/ Special [Bijzonder]]<\/p>\n","protected":false},"excerpt":{"rendered":"<p>Lettres d&#39;une Turque &agrave; Paris, &eacute;crites &agrave; sa soeur au serrail Pierre Mortier, Amsterdam, 1730. Harcover\/leatherbound. 14,5 x 8,5 cm. Just normal traces of use and age. 5 pag.; Catalogue chez Pierre Mortier; 332 pages. [Antiquarisch, Bijzonder \/ Special [Bijzonder]]<\/p>\n","protected":false},"featured_media":643671,"template":"","meta":{"inline_featured_image":false},"product_cat":[211],"product_tag":[],"class_list":{"0":"post-643670","1":"product","2":"type-product","3":"status-publish","4":"has-post-thumbnail","6":"product_cat-bijzonder-special","8":"first","9":"instock","10":"shipping-taxable","11":"purchasable","12":"product-type-simple"},"yoast_head":"<!-- This site is optimized with the Yoast SEO plugin v27.4 - https:\/\/yoast.com\/product\/yoast-seo-wordpress\/ -->\n<title>[SAINT-FOIX, GERMAIN-FRAN\u00c7OIS POULLAIN DE (1698-1776). AUTEUR DU TEXTE] Lettres d&#039;une Turque \u00e0 Paris, \u00e9crites \u00e0 sa soeur au serrail - Antiquariaat Frans Melk<\/title>\n<meta name=\"robots\" content=\"index, follow, max-snippet:-1, max-image-preview:large, max-video-preview:-1\" \/>\n<link rel=\"canonical\" href=\"https:\/\/fransmelk.nl\/?product=126312-saint-foix-germain-francois-poullain-de-1698-1776-auteur-du-texte-lettres-d-une-turque-a-paris-ecrites-a-sa-soeur-au-serrail\" \/>\n<meta property=\"og:locale\" content=\"nl_NL\" \/>\n<meta property=\"og:type\" content=\"article\" \/>\n<meta property=\"og:title\" content=\"[SAINT-FOIX, GERMAIN-FRAN\u00c7OIS POULLAIN DE (1698-1776). AUTEUR DU TEXTE] Lettres d&#039;une Turque \u00e0 Paris, \u00e9crites \u00e0 sa soeur au serrail - Antiquariaat Frans Melk\" \/>\n<meta property=\"og:description\" content=\"Lettres d&#039;une Turque &agrave; Paris, &eacute;crites &agrave; sa soeur au serrail Pierre Mortier, Amsterdam, 1730. Harcover\/leatherbound. 14,5 x 8,5 cm. Just normal traces of use and age. 5 pag.; Catalogue chez Pierre Mortier; 332 pages. [Antiquarisch, Bijzonder \/ Special [Bijzonder]]\" \/>\n<meta property=\"og:url\" content=\"https:\/\/fransmelk.nl\/?product=126312-saint-foix-germain-francois-poullain-de-1698-1776-auteur-du-texte-lettres-d-une-turque-a-paris-ecrites-a-sa-soeur-au-serrail\" \/>\n<meta property=\"og:site_name\" content=\"Antiquariaat Frans Melk\" \/>\n<meta property=\"article:modified_time\" content=\"2026-01-07T13:40:34+00:00\" \/>\n<meta property=\"og:image\" content=\"https:\/\/fransmelk.nl\/wp-content\/uploads\/\/126312.jpg\" \/>\n\t<meta property=\"og:image:width\" content=\"1\" \/>\n\t<meta property=\"og:image:height\" content=\"1\" \/>\n\t<meta property=\"og:image:type\" content=\"image\/jpeg\" \/>\n<meta name=\"twitter:card\" content=\"summary_large_image\" \/>\n<script type=\"application\/ld+json\" class=\"yoast-schema-graph\">{\"@context\":\"https:\\\/\\\/schema.org\",\"@graph\":[{\"@type\":\"WebPage\",\"@id\":\"https:\\\/\\\/fransmelk.nl\\\/?product=126312-saint-foix-germain-francois-poullain-de-1698-1776-auteur-du-texte-lettres-d-une-turque-a-paris-ecrites-a-sa-soeur-au-serrail\",\"url\":\"https:\\\/\\\/fransmelk.nl\\\/?product=126312-saint-foix-germain-francois-poullain-de-1698-1776-auteur-du-texte-lettres-d-une-turque-a-paris-ecrites-a-sa-soeur-au-serrail\",\"name\":\"[SAINT-FOIX, GERMAIN-FRAN\u00c7OIS POULLAIN DE (1698-1776). AUTEUR DU TEXTE] Lettres d'une Turque \u00e0 Paris, \u00e9crites \u00e0 sa soeur au serrail - Antiquariaat Frans Melk\",\"isPartOf\":{\"@id\":\"https:\\\/\\\/fransmelk.nl\\\/#website\"},\"primaryImageOfPage\":{\"@id\":\"https:\\\/\\\/fransmelk.nl\\\/?product=126312-saint-foix-germain-francois-poullain-de-1698-1776-auteur-du-texte-lettres-d-une-turque-a-paris-ecrites-a-sa-soeur-au-serrail#primaryimage\"},\"image\":{\"@id\":\"https:\\\/\\\/fransmelk.nl\\\/?product=126312-saint-foix-germain-francois-poullain-de-1698-1776-auteur-du-texte-lettres-d-une-turque-a-paris-ecrites-a-sa-soeur-au-serrail#primaryimage\"},\"thumbnailUrl\":\"https:\\\/\\\/fransmelk.nl\\\/wp-content\\\/uploads\\\/\\\/126312.jpg\",\"datePublished\":\"2026-01-07T00:00:00+00:00\",\"dateModified\":\"2026-01-07T13:40:34+00:00\",\"breadcrumb\":{\"@id\":\"https:\\\/\\\/fransmelk.nl\\\/?product=126312-saint-foix-germain-francois-poullain-de-1698-1776-auteur-du-texte-lettres-d-une-turque-a-paris-ecrites-a-sa-soeur-au-serrail#breadcrumb\"},\"inLanguage\":\"nl-NL\",\"potentialAction\":[{\"@type\":\"ReadAction\",\"target\":[\"https:\\\/\\\/fransmelk.nl\\\/?product=126312-saint-foix-germain-francois-poullain-de-1698-1776-auteur-du-texte-lettres-d-une-turque-a-paris-ecrites-a-sa-soeur-au-serrail\"]}]},{\"@type\":\"ImageObject\",\"inLanguage\":\"nl-NL\",\"@id\":\"https:\\\/\\\/fransmelk.nl\\\/?product=126312-saint-foix-germain-francois-poullain-de-1698-1776-auteur-du-texte-lettres-d-une-turque-a-paris-ecrites-a-sa-soeur-au-serrail#primaryimage\",\"url\":\"https:\\\/\\\/fransmelk.nl\\\/wp-content\\\/uploads\\\/\\\/126312.jpg\",\"contentUrl\":\"https:\\\/\\\/fransmelk.nl\\\/wp-content\\\/uploads\\\/\\\/126312.jpg\",\"caption\":\"[SAINT-FOIX, GERMAIN-FRAN\u00c7OIS POULLAIN DE (1698-1776). AUTEUR DU TEXTE] Lettres d'une Turque \u00e0 Paris, \u00e9crites \u00e0 sa soeur au serrail\"},{\"@type\":\"BreadcrumbList\",\"@id\":\"https:\\\/\\\/fransmelk.nl\\\/?product=126312-saint-foix-germain-francois-poullain-de-1698-1776-auteur-du-texte-lettres-d-une-turque-a-paris-ecrites-a-sa-soeur-au-serrail#breadcrumb\",\"itemListElement\":[{\"@type\":\"ListItem\",\"position\":1,\"name\":\"Home\",\"item\":\"https:\\\/\\\/fransmelk.nl\\\/\"},{\"@type\":\"ListItem\",\"position\":2,\"name\":\"Winkel\",\"item\":\"https:\\\/\\\/fransmelk.nl\\\/?page_id=6\"},{\"@type\":\"ListItem\",\"position\":3,\"name\":\"[SAINT-FOIX, GERMAIN-FRAN\u00c7OIS POULLAIN DE (1698-1776). AUTEUR DU TEXTE] Lettres d&#8217;une Turque \u00e0 Paris, \u00e9crites \u00e0 sa soeur au serrail\"}]},{\"@type\":\"WebSite\",\"@id\":\"https:\\\/\\\/fransmelk.nl\\\/#website\",\"url\":\"https:\\\/\\\/fransmelk.nl\\\/\",\"name\":\"Antiquariaat Frans Melk\",\"description\":\"{:nl}Antiquariaat Frans Melk{:}{:en}Antiquariaat Frans Melk{:}\",\"publisher\":{\"@id\":\"https:\\\/\\\/fransmelk.nl\\\/#organization\"},\"potentialAction\":[{\"@type\":\"SearchAction\",\"target\":{\"@type\":\"EntryPoint\",\"urlTemplate\":\"https:\\\/\\\/fransmelk.nl\\\/?s={search_term_string}\"},\"query-input\":{\"@type\":\"PropertyValueSpecification\",\"valueRequired\":true,\"valueName\":\"search_term_string\"}}],\"inLanguage\":\"nl-NL\"},{\"@type\":\"Organization\",\"@id\":\"https:\\\/\\\/fransmelk.nl\\\/#organization\",\"name\":\"Antiquariaat Frans Melk\",\"url\":\"https:\\\/\\\/fransmelk.nl\\\/\",\"logo\":{\"@type\":\"ImageObject\",\"inLanguage\":\"nl-NL\",\"@id\":\"https:\\\/\\\/fransmelk.nl\\\/#\\\/schema\\\/logo\\\/image\\\/\",\"url\":\"https:\\\/\\\/fransmelk.nl\\\/wp-content\\\/uploads\\\/2024\\\/02\\\/cropped-logo-transparant.png\",\"contentUrl\":\"https:\\\/\\\/fransmelk.nl\\\/wp-content\\\/uploads\\\/2024\\\/02\\\/cropped-logo-transparant.png\",\"width\":1815,\"height\":744,\"caption\":\"Antiquariaat Frans Melk\"},\"image\":{\"@id\":\"https:\\\/\\\/fransmelk.nl\\\/#\\\/schema\\\/logo\\\/image\\\/\"}}]}<\/script>\n<!-- \/ Yoast SEO plugin. -->","yoast_head_json":{"title":"[SAINT-FOIX, GERMAIN-FRAN\u00c7OIS POULLAIN DE (1698-1776). AUTEUR DU TEXTE] Lettres d'une Turque \u00e0 Paris, \u00e9crites \u00e0 sa soeur au serrail - Antiquariaat Frans Melk","robots":{"index":"index","follow":"follow","max-snippet":"max-snippet:-1","max-image-preview":"max-image-preview:large","max-video-preview":"max-video-preview:-1"},"canonical":"https:\/\/fransmelk.nl\/?product=126312-saint-foix-germain-francois-poullain-de-1698-1776-auteur-du-texte-lettres-d-une-turque-a-paris-ecrites-a-sa-soeur-au-serrail","og_locale":"nl_NL","og_type":"article","og_title":"[SAINT-FOIX, GERMAIN-FRAN\u00c7OIS POULLAIN DE (1698-1776). AUTEUR DU TEXTE] Lettres d'une Turque \u00e0 Paris, \u00e9crites \u00e0 sa soeur au serrail - Antiquariaat Frans Melk","og_description":"Lettres d&#39;une Turque &agrave; Paris, &eacute;crites &agrave; sa soeur au serrail Pierre Mortier, Amsterdam, 1730. Harcover\/leatherbound. 14,5 x 8,5 cm. Just normal traces of use and age. 5 pag.; Catalogue chez Pierre Mortier; 332 pages. [Antiquarisch, Bijzonder \/ Special [Bijzonder]]","og_url":"https:\/\/fransmelk.nl\/?product=126312-saint-foix-germain-francois-poullain-de-1698-1776-auteur-du-texte-lettres-d-une-turque-a-paris-ecrites-a-sa-soeur-au-serrail","og_site_name":"Antiquariaat Frans Melk","article_modified_time":"2026-01-07T13:40:34+00:00","og_image":[{"url":"https:\/\/fransmelk.nl\/wp-content\/uploads\/\/126312.jpg","width":1,"height":1,"type":"image\/jpeg"}],"twitter_card":"summary_large_image","schema":{"@context":"https:\/\/schema.org","@graph":[{"@type":"WebPage","@id":"https:\/\/fransmelk.nl\/?product=126312-saint-foix-germain-francois-poullain-de-1698-1776-auteur-du-texte-lettres-d-une-turque-a-paris-ecrites-a-sa-soeur-au-serrail","url":"https:\/\/fransmelk.nl\/?product=126312-saint-foix-germain-francois-poullain-de-1698-1776-auteur-du-texte-lettres-d-une-turque-a-paris-ecrites-a-sa-soeur-au-serrail","name":"[SAINT-FOIX, GERMAIN-FRAN\u00c7OIS POULLAIN DE (1698-1776). AUTEUR DU TEXTE] Lettres d'une Turque \u00e0 Paris, \u00e9crites \u00e0 sa soeur au serrail - Antiquariaat Frans Melk","isPartOf":{"@id":"https:\/\/fransmelk.nl\/#website"},"primaryImageOfPage":{"@id":"https:\/\/fransmelk.nl\/?product=126312-saint-foix-germain-francois-poullain-de-1698-1776-auteur-du-texte-lettres-d-une-turque-a-paris-ecrites-a-sa-soeur-au-serrail#primaryimage"},"image":{"@id":"https:\/\/fransmelk.nl\/?product=126312-saint-foix-germain-francois-poullain-de-1698-1776-auteur-du-texte-lettres-d-une-turque-a-paris-ecrites-a-sa-soeur-au-serrail#primaryimage"},"thumbnailUrl":"https:\/\/fransmelk.nl\/wp-content\/uploads\/\/126312.jpg","datePublished":"2026-01-07T00:00:00+00:00","dateModified":"2026-01-07T13:40:34+00:00","breadcrumb":{"@id":"https:\/\/fransmelk.nl\/?product=126312-saint-foix-germain-francois-poullain-de-1698-1776-auteur-du-texte-lettres-d-une-turque-a-paris-ecrites-a-sa-soeur-au-serrail#breadcrumb"},"inLanguage":"nl-NL","potentialAction":[{"@type":"ReadAction","target":["https:\/\/fransmelk.nl\/?product=126312-saint-foix-germain-francois-poullain-de-1698-1776-auteur-du-texte-lettres-d-une-turque-a-paris-ecrites-a-sa-soeur-au-serrail"]}]},{"@type":"ImageObject","inLanguage":"nl-NL","@id":"https:\/\/fransmelk.nl\/?product=126312-saint-foix-germain-francois-poullain-de-1698-1776-auteur-du-texte-lettres-d-une-turque-a-paris-ecrites-a-sa-soeur-au-serrail#primaryimage","url":"https:\/\/fransmelk.nl\/wp-content\/uploads\/\/126312.jpg","contentUrl":"https:\/\/fransmelk.nl\/wp-content\/uploads\/\/126312.jpg","caption":"[SAINT-FOIX, GERMAIN-FRAN\u00c7OIS POULLAIN DE (1698-1776). AUTEUR DU TEXTE] Lettres d'une Turque \u00e0 Paris, \u00e9crites \u00e0 sa soeur au serrail"},{"@type":"BreadcrumbList","@id":"https:\/\/fransmelk.nl\/?product=126312-saint-foix-germain-francois-poullain-de-1698-1776-auteur-du-texte-lettres-d-une-turque-a-paris-ecrites-a-sa-soeur-au-serrail#breadcrumb","itemListElement":[{"@type":"ListItem","position":1,"name":"Home","item":"https:\/\/fransmelk.nl\/"},{"@type":"ListItem","position":2,"name":"Winkel","item":"https:\/\/fransmelk.nl\/?page_id=6"},{"@type":"ListItem","position":3,"name":"[SAINT-FOIX, GERMAIN-FRAN\u00c7OIS POULLAIN DE (1698-1776). AUTEUR DU TEXTE] Lettres d&#8217;une Turque \u00e0 Paris, \u00e9crites \u00e0 sa soeur au serrail"}]},{"@type":"WebSite","@id":"https:\/\/fransmelk.nl\/#website","url":"https:\/\/fransmelk.nl\/","name":"Antiquariaat Frans Melk","description":"{:nl}Antiquariaat Frans Melk{:}{:en}Antiquariaat Frans Melk{:}","publisher":{"@id":"https:\/\/fransmelk.nl\/#organization"},"potentialAction":[{"@type":"SearchAction","target":{"@type":"EntryPoint","urlTemplate":"https:\/\/fransmelk.nl\/?s={search_term_string}"},"query-input":{"@type":"PropertyValueSpecification","valueRequired":true,"valueName":"search_term_string"}}],"inLanguage":"nl-NL"},{"@type":"Organization","@id":"https:\/\/fransmelk.nl\/#organization","name":"Antiquariaat Frans Melk","url":"https:\/\/fransmelk.nl\/","logo":{"@type":"ImageObject","inLanguage":"nl-NL","@id":"https:\/\/fransmelk.nl\/#\/schema\/logo\/image\/","url":"https:\/\/fransmelk.nl\/wp-content\/uploads\/2024\/02\/cropped-logo-transparant.png","contentUrl":"https:\/\/fransmelk.nl\/wp-content\/uploads\/2024\/02\/cropped-logo-transparant.png","width":1815,"height":744,"caption":"Antiquariaat Frans Melk"},"image":{"@id":"https:\/\/fransmelk.nl\/#\/schema\/logo\/image\/"}}]}},"lang":"nl","translations":{"nl":643670},"jetpack_sharing_enabled":true,"pll_sync_post":[],"_links":{"self":[{"href":"https:\/\/fransmelk.nl\/index.php?rest_route=\/wp\/v2\/product\/643670","targetHints":{"allow":["GET"]}}],"collection":[{"href":"https:\/\/fransmelk.nl\/index.php?rest_route=\/wp\/v2\/product"}],"about":[{"href":"https:\/\/fransmelk.nl\/index.php?rest_route=\/wp\/v2\/types\/product"}],"version-history":[{"count":0,"href":"https:\/\/fransmelk.nl\/index.php?rest_route=\/wp\/v2\/product\/643670\/revisions"}],"wp:featuredmedia":[{"embeddable":true,"href":"https:\/\/fransmelk.nl\/index.php?rest_route=\/wp\/v2\/media\/643671"}],"wp:attachment":[{"href":"https:\/\/fransmelk.nl\/index.php?rest_route=%2Fwp%2Fv2%2Fmedia&parent=643670"}],"wp:term":[{"taxonomy":"product_cat","embeddable":true,"href":"https:\/\/fransmelk.nl\/index.php?rest_route=%2Fwp%2Fv2%2Fproduct_cat&post=643670"},{"taxonomy":"product_tag","embeddable":true,"href":"https:\/\/fransmelk.nl\/index.php?rest_route=%2Fwp%2Fv2%2Fproduct_tag&post=643670"}],"curies":[{"name":"wp","href":"https:\/\/api.w.org\/{rel}","templated":true}]}}